[INFO] fetching crate wit-text 0.8.0...
[INFO] checking wit-text-0.8.0 against try#72f88fc4e9458f89516a0b8b0868f3718aec5b47 for pr-74989
[INFO] extracting crate wit-text 0.8.0 into /workspace/builds/worker-2/source
[INFO] validating manifest of crates.io crate wit-text 0.8.0 on toolchain 72f88fc4e9458f89516a0b8b0868f3718aec5b47
[INFO] running `Command { std: "/workspace/cargo-home/bin/cargo" "+72f88fc4e9458f89516a0b8b0868f3718aec5b47" "read-manifest" "--manifest-path" "Cargo.toml", kill_on_drop: false }`
[INFO] started tweaking crates.io crate wit-text 0.8.0
[INFO] removed 0 missing tests
[INFO] finished tweaking crates.io crate wit-text 0.8.0
[INFO] tweaked toml for crates.io crate wit-text 0.8.0 written to /workspace/builds/worker-2/source/Cargo.toml
[INFO] crate crates.io crate wit-text 0.8.0 already has a lockfile, it will not be regenerated
[INFO] running `Command { std: "/workspace/cargo-home/bin/cargo" "+72f88fc4e9458f89516a0b8b0868f3718aec5b47" "fetch" "--locked" "--manifest-path" "Cargo.toml", kill_on_drop: false }`
[INFO] [stderr]  Downloading crates ...
[INFO] [stderr]   Downloaded wat v1.0.22
[INFO] [stderr]   Downloaded wast v21.0.0
[INFO] running `Command { std: "docker" "create" "-v" "/var/lib/crater-agent-workspace/builds/worker-2/target:/opt/rustwide/target:rw,Z" "-v" "/var/lib/crater-agent-workspace/builds/worker-2/source:/opt/rustwide/workdir:ro,Z" "-v" "/var/lib/crater-agent-workspace/cargo-home:/opt/rustwide/cargo-home:ro,Z" "-v" "/var/lib/crater-agent-workspace/rustup-home:/opt/rustwide/rustup-home:ro,Z" "-e" "SOURCE_DIR=/opt/rustwide/workdir" "-e" "CARGO_TARGET_DIR=/opt/rustwide/target" "-e" "CARGO_HOME=/opt/rustwide/cargo-home" "-e" "RUSTUP_HOME=/opt/rustwide/rustup-home" "-w" "/opt/rustwide/workdir" "-m" "1610612736" "--user" "0:0" "--network" "none" "rustops/crates-build-env@sha256:d92eaeed33fa75130ca1ee6c8a01d1ffb62bac859dfdfb3450e3e5d1c0146529" "/opt/rustwide/cargo-home/bin/cargo" "+72f88fc4e9458f89516a0b8b0868f3718aec5b47" "metadata" "--no-deps" "--format-version=1", kill_on_drop: false }`
[INFO] [stdout] 32365b150c214e7ecb52c0ebfb2f29c301d23b72c7bf32fa1889022941836a45
[INFO] [stderr] WARNING: Your kernel does not support swap limit capabilities or the cgroup is not mounted. Memory limited without swap.
[INFO] running `Command { std: "docker" "start" "-a" "32365b150c214e7ecb52c0ebfb2f29c301d23b72c7bf32fa1889022941836a45", kill_on_drop: false }`
[INFO] running `Command { std: "docker" "inspect" "32365b150c214e7ecb52c0ebfb2f29c301d23b72c7bf32fa1889022941836a45", kill_on_drop: false }`
[INFO] running `Command { std: "docker" "rm" "-f" "32365b150c214e7ecb52c0ebfb2f29c301d23b72c7bf32fa1889022941836a45", kill_on_drop: false }`
[INFO] [stdout] 32365b150c214e7ecb52c0ebfb2f29c301d23b72c7bf32fa1889022941836a45
[INFO] running `Command { std: "docker" "create" "-v" "/var/lib/crater-agent-workspace/builds/worker-2/target:/opt/rustwide/target:rw,Z" "-v" "/var/lib/crater-agent-workspace/builds/worker-2/source:/opt/rustwide/workdir:ro,Z" "-v" "/var/lib/crater-agent-workspace/cargo-home:/opt/rustwide/cargo-home:ro,Z" "-v" "/var/lib/crater-agent-workspace/rustup-home:/opt/rustwide/rustup-home:ro,Z" "-e" "SOURCE_DIR=/opt/rustwide/workdir" "-e" "CARGO_TARGET_DIR=/opt/rustwide/target" "-e" "CARGO_INCREMENTAL=0" "-e" "RUST_BACKTRACE=full" "-e" "RUSTFLAGS=--cap-lints=forbid" "-e" "CARGO_HOME=/opt/rustwide/cargo-home" "-e" "RUSTUP_HOME=/opt/rustwide/rustup-home" "-w" "/opt/rustwide/workdir" "-m" "1610612736" "--user" "0:0" "--network" "none" "rustops/crates-build-env@sha256:d92eaeed33fa75130ca1ee6c8a01d1ffb62bac859dfdfb3450e3e5d1c0146529" "/opt/rustwide/cargo-home/bin/cargo" "+72f88fc4e9458f89516a0b8b0868f3718aec5b47" "check" "--frozen" "--all" "--all-targets" "--message-format=json", kill_on_drop: false }`
[INFO] [stdout] a8c377afcb779b4983e21f8e4336ace5335619cb7bc3ef00f8590a05b7bc3acf
[INFO] [stderr] WARNING: Your kernel does not support swap limit capabilities or the cgroup is not mounted. Memory limited without swap.
[INFO] running `Command { std: "docker" "start" "-a" "a8c377afcb779b4983e21f8e4336ace5335619cb7bc3ef00f8590a05b7bc3acf", kill_on_drop: false }`
[INFO] [stderr]    Compiling proc-macro2 v1.0.18
[INFO] [stderr]    Compiling unicode-xid v0.2.1
[INFO] [stderr]    Compiling anyhow v1.0.31
[INFO] [stderr]    Compiling syn v1.0.34
[INFO] [stderr]    Compiling unicode-segmentation v1.6.0
[INFO] [stderr]     Checking cfg-if v0.1.10
[INFO] [stderr]     Checking id-arena v2.2.1
[INFO] [stderr]     Checking wast v21.0.0
[INFO] [stderr]     Checking getopts v0.2.21
[INFO] [stderr]     Checking wit-writer v0.2.0
[INFO] [stderr]     Checking log v0.4.8
[INFO] [stderr]    Compiling heck v0.3.1
[INFO] [stderr]    Compiling quote v1.0.7
[INFO] [stderr]     Checking wat v1.0.22
[INFO] [stderr]     Checking wit-text v0.8.0 (/opt/rustwide/workdir)
[INFO] [stderr]    Compiling walrus-macro v0.18.0
[INFO] [stderr]     Checking walrus v0.18.0
[INFO] [stdout] error[E0433]: failed to resolve: use of undeclared type or module `test_helpers`
[INFO] [stdout]   --> tests/all.rs:11:5
[INFO] [stdout]    |
[INFO] [stdout] 11 |     test_helpers::run("tests".as_ref(), run);
[INFO] [stdout]    |     ^^^^^^^^^^^^ use of undeclared type or module `test_helpers`
[INFO] [stdout] 
[INFO] [stdout] 
[INFO] [stdout] error[E0433]: failed to resolve: use of undeclared type or module `wit_validator`
[INFO] [stdout]   --> tests/all.rs:39:15
[INFO] [stdout]    |
[INFO] [stdout] 39 |         match wit_validator::validate(&binary) {
[INFO] [stdout]    |               ^^^^^^^^^^^^^ use of undeclared type or module `wit_validator`
[INFO] [stdout] 
[INFO] [stdout] 
[INFO] [stdout] error[E0433]: failed to resolve: use of undeclared type or module `wit_printer`
[INFO] [stdout]   --> tests/all.rs:42:27
[INFO] [stdout]    |
[INFO] [stdout] 42 |                     match wit_printer::print_bytes(&binary) {
[INFO] [stdout]    |                           ^^^^^^^^^^^ use of undeclared type or module `wit_printer`
[INFO] [stdout] 
[INFO] [stdout] 
[INFO] [stdout] error[E0433]: failed to resolve: use of undeclared type or module `wit_validator`
[INFO] [stdout]   --> examples/wat2wasm.rs:24:9
[INFO] [stdout]    |
[INFO] [stdout] 24 |         wit_validator::validate(&wasm)?;
[INFO] [stdout]    |         ^^^^^^^^^^^^^ use of undeclared type or module `wit_validator`
[INFO] [stdout] 
[INFO] [stdout] 
[INFO] [stdout] error[E0433]: failed to resolve: use of undeclared type or module `wit_walrus`
[INFO] [stdout]   --> tests/all.rs:60:23
[INFO] [stdout]    |
[INFO] [stdout] 60 |             .on_parse(wit_walrus::on_parse)
[INFO] [stdout]    |                       ^^^^^^^^^^ use of undeclared type or module `wit_walrus`
[INFO] [stdout] 
[INFO] [stdout] 
[INFO] [stdout] error[E0433]: failed to resolve: use of undeclared type or module `wit_validator`
[INFO] [stdout]   --> tests/all.rs:65:9
[INFO] [stdout]    |
[INFO] [stdout] 65 |         wit_validator::validate(&binary).context("failed walrus round trip validation")?;
[INFO] [stdout]    |         ^^^^^^^^^^^^^ use of undeclared type or module `wit_validator`
[INFO] [stdout] 
[INFO] [stdout] 
[INFO] [stdout] error[E0433]: failed to resolve: use of undeclared type or module `wit_printer`
[INFO] [stdout]   --> tests/all.rs:71:15
[INFO] [stdout]    |
[INFO] [stdout] 71 |     let wit = wit_printer::print_bytes(&binary)?;
[INFO] [stdout]    |               ^^^^^^^^^^^ use of undeclared type or module `wit_printer`
[INFO] [stdout] 
[INFO] [stdout] 
[INFO] [stdout] error: aborting due to previous error
[INFO] [stdout] 
[INFO] [stdout] 
[INFO] [stdout] For more information about this error, try `rustc --explain E0433`.
[INFO] [stdout] 
[INFO] [stderr] error: could not compile `wit-text`.
[INFO] [stderr] 
[INFO] [stderr] To learn more, run the command again with --verbose.
[INFO] [stderr] warning: build failed, waiting for other jobs to finish...
[INFO] [stdout] error: aborting due to 6 previous errors
[INFO] [stdout] 
[INFO] [stdout] 
[INFO] [stdout] For more information about this error, try `rustc --explain E0433`.
[INFO] [stdout] 
[INFO] [stderr] error: build failed
[INFO] running `Command { std: "docker" "inspect" "a8c377afcb779b4983e21f8e4336ace5335619cb7bc3ef00f8590a05b7bc3acf", kill_on_drop: false }`
[INFO] running `Command { std: "docker" "rm" "-f" "a8c377afcb779b4983e21f8e4336ace5335619cb7bc3ef00f8590a05b7bc3acf", kill_on_drop: false }`
[INFO] [stdout] a8c377afcb779b4983e21f8e4336ace5335619cb7bc3ef00f8590a05b7bc3acf
